{"id":100,"date":"2023-03-02T13:05:25","date_gmt":"2023-03-02T13:05:25","guid":{"rendered":"http:\/\/karenbyk.com\/?page_id=100"},"modified":"2023-06-23T12:50:00","modified_gmt":"2023-06-23T12:50:00","slug":"bio","status":"publish","type":"page","link":"https:\/\/karenbyk.com\/index.php\/bio\/","title":{"rendered":"Bio"},"content":{"rendered":"\n<figure class=\"wp-block-image size-large bio-pic\"><img loading=\"lazy\" decoding=\"async\" width=\"1024\" height=\"683\" src=\"http:\/\/karenbyk.com\/wp-content\/uploads\/2023\/03\/karenprofile-1-1024x683.png\" alt=\"\" class=\"wp-image-183\" srcset=\"https:\/\/karenbyk.com\/wp-content\/uploads\/2023\/03\/karenprofile-1-1024x683.png 1024w, https:\/\/karenbyk.com\/wp-content\/uploads\/2023\/03\/karenprofile-1-300x200.png 300w, https:\/\/karenbyk.com\/wp-content\/uploads\/2023\/03\/karenprofile-1-768x512.png 768w, https:\/\/karenbyk.com\/wp-content\/uploads\/2023\/03\/karenprofile-1.png 1352w\" sizes=\"auto, (max-width: 1024px) 100vw, 1024px\" \/><\/figure>\n\n\n\n<div class=\"wp-block-group\"><div class=\"wp-block-group__inner-container is-layout-constrained wp-block-group-is-layout-constrained\">\n<div class=\"wp-block-columns is-layout-flex wp-container-core-columns-is-layout-9d6595d7 wp-block-columns-is-layout-flex\">\n<div class=\"wp-block-column is-vertically-aligned-top is-layout-flow wp-block-column-is-layout-flow\" style=\"flex-basis:100%\">\n<p class=\"bio-container\">Karen Byk naci\u00f3 en Buenos Aires en 1993, donde se form\u00f3 como licenciada en Historia (Universidad Torcuato Di Tella). Desde 2018 vive en Berl\u00edn, cursa una maestr\u00eda en la Universidad de las Artes (Universit\u00e4t der K\u00fcnste) con una beca de la Rosa Luxemburg Stiftung y arma proyectos de poes\u00eda en espa\u00f1ol. Fund\u00f3 y co-dirige Infraleve, un proyecto que edita autores latinoamericanos en Europa, y Pasajero del Muro, una iniciativa de eventos y talleres de poes\u00eda para hispanohablantes. Particip\u00f3 en varios festivales de poes\u00eda, entre ellos el Latinale (Festival de Poes\u00eda Latinoamericana de Berl\u00edn); el Literarisches Colloquium Berl\u00edn; el ciclo Domicilium (organizado por Berl\u00edn Untelevised); y el festival Encuentros m\u00ednimos\/poes\u00edas transversales (Ecuador). Public\u00f3 el poemario Tocarle los huesos al bosque (Berl\u00edn, Siesta Verlag, 2022) y los fanzines Mensajes de amor en ba\u00f1os p\u00fablicos (Berl\u00edn, autoeditado, 2019) y Distancia entre l\u00edneas (Berl\u00edn, Infraleve, 2019)<\/p>\n\n\n\n<p class=\"bio-container\">Karen Byk naci\u00f3 en Buenos Aires en 1993, donde se form\u00f3 como licenciada en Historia (Universidad Torcuato Di Tella). Desde 2018 vive en Berl\u00edn, cursa una maestr\u00eda en la Universidad de las Artes (Universit\u00e4t der K\u00fcnste) con una beca de la Rosa Luxemburg Stiftung y arma proyectos de poes\u00eda en espa\u00f1ol. Fund\u00f3 y co-dirige Infraleve, un proyecto que edita autores latinoamericanos en Europa, y Pasajero del Muro, una iniciativa de eventos y talleres de poes\u00eda para hispanohablantes. Particip\u00f3 en varios festivales de poes\u00eda, entre ellos el Latinale (Festival de Poes\u00eda Latinoamericana de Berl\u00edn); el Literarisches Colloquium Berl\u00edn; el ciclo Domicilium (organizado por Berl\u00edn Untelevised); y el festival Encuentros m\u00ednimos\/poes\u00edas transversales (Ecuador). Public\u00f3 el poemario Tocarle los huesos al bosque (Berl\u00edn, Siesta Verlag, 2022) y los fanzines Mensajes de amor en ba\u00f1os p\u00fablicos (Berl\u00edn, autoeditado, 2019) y Distancia entre l\u00edneas (Berl\u00edn, Infraleve, 2019)<\/p>\n<\/div>\n<\/div>\n<\/div><\/div>\n","protected":false},"excerpt":{"rendered":"<p>Karen Byk naci\u00f3 en Buenos Aires en 1993, donde se form\u00f3 como licenciada en Historia (Universidad Torcuato Di Tella). Desde 2018 vive en Berl\u00edn, cursa una maestr\u00eda en la Universidad de las Artes (Universit\u00e4t der K\u00fcnste) con una beca de la Rosa Luxemburg Stiftung y arma proyectos de poes\u00eda en espa\u00f1ol. Fund\u00f3 y co-dirige Infraleve, [&hellip;]<\/p>\n","protected":false},"author":1,"featured_media":0,"parent":0,"menu_order":0,"comment_status":"closed","ping_status":"closed","template":"","meta":{"footnotes":""},"class_list":["post-100","page","type-page","status-publish","hentry"],"_links":{"self":[{"href":"https:\/\/karenbyk.com\/index.php\/wp-json\/wp\/v2\/pages\/100","targetHints":{"allow":["GET"]}}],"collection":[{"href":"https:\/\/karenbyk.com\/index.php\/wp-json\/wp\/v2\/pages"}],"about":[{"href":"https:\/\/karenbyk.com\/index.php\/wp-json\/wp\/v2\/types\/page"}],"author":[{"embeddable":true,"href":"https:\/\/karenbyk.com\/index.php\/wp-json\/wp\/v2\/users\/1"}],"replies":[{"embeddable":true,"href":"https:\/\/karenbyk.com\/index.php\/wp-json\/wp\/v2\/comments?post=100"}],"version-history":[{"count":34,"href":"https:\/\/karenbyk.com\/index.php\/wp-json\/wp\/v2\/pages\/100\/revisions"}],"predecessor-version":[{"id":554,"href":"https:\/\/karenbyk.com\/index.php\/wp-json\/wp\/v2\/pages\/100\/revisions\/554"}],"wp:attachment":[{"href":"https:\/\/karenbyk.com\/index.php\/wp-json\/wp\/v2\/media?parent=100"}],"curies":[{"name":"wp","href":"https:\/\/api.w.org\/{rel}","templated":true}]}}